-17 - (8 + 3) - (-3 + 4))?
-93
-79 + (208 + -227 + 18 + -1 - (0 + -1))
-80
What is 7 - 18 - (-8 - 0) - -62 - (-3 + 2)?
60
What is 2 + (24 - 93) - 6?
-73
(-29 - -27) + (-4 - -7) + (-1 - -7) + -27
-20
What is the value of 10 + 22 + -24 + (9 - (-2 + 39))?
-20
What is the value of -26 + (-10 - (-12 - 2 - -5)) - (1 - -6)?
-34
Calculate -1 - -1 - (82 + -95) - (44 - -2).
-33
Calculate (-10 - (-37 - (-45 + -13))) + 140.
109
What is 9 - (-3 + 9 + 4 + -14 - 50)?
63
38 + 52 + (-210 - -88)
-32
Evaluate 6 + ((-4 - 46) + 1 - (32 - 8 - 19)).
-48
(-23 - (34 + -18 + -17)) + 129
107
1 + 64 - (8932 + -8888)
21
Evaluate 0 - ((-11 - (-10 - -9)) + -2 + -24).
36
What is the value of 19 + 39 - (-38 + 12 - -21)?
63
What is 12 + 26 + 1 - (-306 + 304)?
41
Calculate -8 - (-14 - (29 - (5 - -18))).
12
Calculate 22 - 26 - (-35 + 45) - (13 + 0).
-27
What is the value of (-32 + 75 - 2) + -87?
-46
Evaluate 48 - ((4 - 8 - -14) + 7).
31
Evaluate 97 - (40 + 44 + -44).
57
What is the value of 2 + 38 + -125 + 43?
-42
What is 115 + (-128 - -120) + -99?
8
Evaluate (-68 + 15 - -68 - (1 + -15)) + -5.
24
5 + (-72 - -110) - 20
23
Evaluate -32 - (-24 + 20 + 1 + -5 + -1 - -15).
-38
What is the value of -62 - (-209 + 191 + (1 - -22) + (-1 - -2))?
-68
What is (27 - 1) + 40 + -61 + -3 - 129?
-127
What is the value of -1 + -38 - (106 - (15 - -50))?
-80
What is 8 + 3 + (-98 - (-9 + -62))?
-16
(-66 - -53) + 8 + 3
-2
-25 + -22 + (26 - (-8 + 27))
-40
Calculate -3 + (50 + -6 - (-6 + (11 - 9))).
45
(-9 - -15 - 8) + 7 + 9 + -8 + -48
-42
-1 - (4 + -20 + (18 - 8)) - -21
26
-39 - (-10 + -1 + 0 + -32 + 35)
-31
(-22 - (8 - 26)) + -2 + 4 + 57
55
What is 2 + -79 + 5 + (9 - (-22 + 12) - 27)?
-80
What is (108 - 92) + (0 - 15) - -22?
23
What is the value of -48 + 5 + (-15 - ((14 - 6) + -15))?
-51
What is -9 + (6 - -5) + -28 + 13 + 12?
-1
-41 + 1 - (-1985 + 2001) - 19
-75
What is -3 - (8 + -106) - (-49 + 15 + 17)?
112
Calculate -26 + (3 - -8) + -34 + 10.
-39
What is the value of 4 - ((-5 - -8) + 46 + -8 + -2 + 21)?
-56
-6 - ((61 - (71 - 47)) + (-6 - 2))
-35
What is 24 - ((-30 - -35) + 4 + 11)?
4
Calculate -91 + 149 - (14 + 9).
35
Calculate 85 + -60 + (3 + -1 - 8).
19
What is the value of (-3 - -9) + 10 + 17 + (-11 - -3) + -16?
9
Calculate -51 - -169 - 41 - (-1 + 17) - -8.
69
What is the value of (-10 - -2) + (-57 - -73 - (14 + -46 + -10))?
50
Calculate 128 + (39 - 222) + -27.
-82
Evaluate -69 + (7 - (11 - 7)) + 6 + -2.
-62
Evaluate 58 - (-99 + 27 + 74).
56
Calculate (2 + -17 + -4 - -75) + -8.
48
What is the value of 77 - (-18 + -62 + 117)?
40
Calculate (13 + -12 + -20 - 13) + 21 + 65.
54
What is -66 + 112 + 4 + -14?
36
Evaluate -5 - (-40 - (-65 - -26) - (1 + 10)).
7
Evaluate 2 + (-3 - 19) - (195 - 203).
-12
Evaluate 37 + (0 - -1) + -5549 + 5559.
48
66 + -47 + -68 + 3
-46
What is the value of 3 - (-74 + 76 + -48)?
49
Evaluate -3690262 + 3690324 - (-1 + 0 - -2 - (0 - -15)).
76
-189 - -125 - (20 + 9)
-93
What is (-4 - (-4 - -6)) + 19 - (-19 + (8 - -13))?
11
-26 - (-66 + 41) - 10
-11
Calculate 12 - ((-19 - -51) + 9).
-29
What is -16 - (-20 + 3) - 16 - -22?
7
What is -2 + (38 - 1) - (416 - 367)?
-14
Evaluate -3 - 6 - (31 + (-2 - 0) - (-143 + 125)).
-56
Evaluate -228 + (115 - 1) + 29 + 0.
-85
What is 7 + (-2 - 5) + 40 + (34 - 32)?
42
(-3 - -2 - -50) + (27 + -29 + -12 - -18)
53
2 + (-22 - -1) - -50
31
What is the value of 42 - (-9 + 5 + (-249 - -227))?
68
34 + -18 + 3 - (17 + 42)
-40
Evaluate -6 + -52 + (44 - 23).
-37
Calculate (-98 + 55 - 47) + 85.
-5
Evaluate -18 + (32 - 50) - -68.
32
What is 4 + 1 + (-13 - (-16 - (13 + -19) - 4))?
6
Calculate 48 - -2 - (664 - 591).
-23
Evaluate (-21 - 40) + -8 + 23.
-46
Evaluate (6 - 0) + (229 - 214).
21
Calculate 0 + 3 + -17 + 139 + -99.
26
-1 - (28 + -9 - -5 - -23)
-48
What is the value of 22 + -71 - -55 - (41 + 0)?
-35
-49 - -75 - 90 - (1 - 1)
-64
Evaluate 32 - (-14 + 33) - -34 - (1 + 3 + 5).
38
What is the value of (-4 + 24 - 6) + 17 + -17?
14
Calculate (78 - (46 - -38)) + -35 + (-3 - -1).
-43
What is 24 + 74 + -53 - 2?
43
-3 + -5 + (-5 - -10) + (-141 - -99)
-45
Calculate 29 + -1 - (8 + (-12 - -26)).
6
(20 - 13) + 22 + -10 + (-35 - -2)
-14
Evaluate 12 - 5 - (29 - 31 - -11).
-2
Calculate -11 + -3 + -7 - (-82 - -40).
21
What is -11 + 12 - (-14 + 34) - (-2 + 9)?
-26
What is 30 - (16 - (53 - 86))?
-19
(-3 - (-1 - -19)) + 56 + (16 - 84)
-33
Calculate -1 - -6 - (-135 - (-65 - 12)).
63
Evaluate (32 - (-55 + -6)) + -169.
-76
Evaluate (0 + -1 - -10) + -1 + 0 + -42.
-34
What is -144 - (-38 + 186 + -246)?
-46
Evaluate -33 + (-10 - -12) + (11 - 5) + 4.
-21
Calculate -35 + 31 + -23 + 5 + -15 + -7.
-44
-46 + -1 + (5 - (-19 + 32 - (20 - 2)))
-37
What is the value of 130 - (50 - -3) - 172?
-95
What is (-104 + 93 - (-2 - 4)) + 27?
22
(379 - 311 - (1 - (-9 + (2 - -1)))) + 8
69
(0 - (9 + -18)) + (5 - (26 - -5))
-17
Calculate 159 + -252 + 0 + 77.
-16
Calculate 37 + 36 + -54 + -12 + -19.
-12
Calculate (-18 - -11) + 24 - (82 + -123).
58
What is the value of (-39 - -14) + 17 - (3 + (-2 - 2) - -40)?
-47
(-40 - -48 - -15) + -47
-24
What is the value of 26 + -2 + (24 + -1 - -47)?
94
What is the value of (-29 - ((-9 - 1) + -15)) + 9?
5
Evaluate 56 + -104 + 88 + -34.
6
Calculate (-58 - -324) + -129 - 18.
119
Calculate -9 - -9 - -14 - (12 + -1 - -10).
-7
What is the value of -4 - (-157 - -87) - 124?
-58
What is the value of -4 + 28 + -6 - (-45 - (44 - 111))?
-4
Evaluate -9 + -23 + -16 - -102.
54
(-9 - 0) + 28 + (-14 + 1 - (91 - 98))
13
Evaluate -91 + 103 + (66 - 126).
-48
Evaluate 4 + -7 + (11 - 49) + 12 + 7.
-22
Calculate -4 + 39 + 18 - 9.
44
Calculate 78 + 2 + (97 - (103 - 5)).
79
210 + (-130 - (24 - 49))
105
Evaluate (3 - (27 - 28)) + 28 - -20.
52
Calculate 16 + -3 + (-8 - -9 - -22).
36
What is the value of -838 + 807 + (48 - (-5 + -5))?
27
Calculate (-129 - -114) + 34 + 1 - -21.
41
What is 133 - 77 - 5 - 22?
29
What is (-117 + 2 - -93) + 80 + 1?
59
What is the value of (16 - (-75 - 0 - (95 - 92))) + -8 + 2?
88
Evaluate -1 + 78 + -95 + -8.
-26
What is the value of 2 - 1 - (2 - (49 - 26) - (-58 - -1))?
-35
What is 4056 + -4152 + -1 + 21?
-76
Calculate 2 + (21 - 5) - 38 - -7.
-13
What is the value of -1 - 47 - (1 + -5 + 42 + -100 + 52)?
-38
What is (40 - 25) + -19 + 53 + -1 + 4?
52
Evaluate -71 - 0 - (3325 + -3351).
-45
86 + 100 + -104 - 45
37
What is the value of -6 - ((3 - 2) + -153) - -10 - (2 - -9)?
145
What is the value of -1 + 13 + (153 - (180 + -53))?
38
Evaluate (45 - 20) + 19 + -57 + (-1 - 27).
-41
What is (-165 - -175) + (2 - 2) - (0 - -27)?
-17
Evaluate -4 + (-1 - (149 + -93 - (-3 - 0) - -3)).
-67
What is the value of (-7 - -1) + ((-51 - -31) + 9 - 26)?
-43
(-1544 - -1545) + -105 + 0 + 16
-88
What is (-4738 - -4742) + (-1 - -5) + 105?
113
Evaluate -72 - (-60 + -115 + 34).
69
Evaluate 0 + (-1 - -3) + 15 + (212 - 177 - 25).
27
Calculate (2215 - 2155) + (-44 - -1).
17
What is the value of -250 + 269 - (1 + 15 + -11 + 8) - 76?
-70
What is 54 - (51 - (11 - -30))?
44
What is -201 + 130 + (12 - -94)?
35
What is -7 + 14 - (-8 + 10 - -5)?
0
What is the value of (-313071 - -313126) + (0 + -11 - (-1 + 0)) + 2?
47
Calculate 41 + (-65 - (3 + (-40 - -6))).
7
-82 - (-27 - 11) - -43
-1
What is -4 + -23 + 0 - (-87 - -98) - 13?
-51
(19 - (-47 + 21)) + -11
34
(78 - 8) + -112 - (1 - 4 - 15)
-24
What is 1 - ((0 - 24) + (87 - 16))?
-46
Calculate (-9 - -158) + 34 + -45 + -1.
137
What is the value of (12 + -11 + 24 - -9) + -7?
27
What is 2 - 1 - (-2 - -13 - 9 - 5 - 71)?
75
What is (127 - 140 - 40) + -2 + 1 + -2 + -9?
-65
Calculate 8 - -45 - (6 + 30).
17
What is 7 + -1 + (36 - 5) + (49 + -2 - 52)?
32
(20 - (48 - 1)) + -5 + -14
-46
What is (-122 - -59) + 160 - 97?
0
7 + (94 - 97) + 0 + 8 + -15 - -27
24
Evaluate 8 + (15 - 18) + (-2 + -4 - (-51 + 31)).
19
(6 - 6) + (-17 - (-53 + -14 + -22))
72
Calculate -859 + 866 - (-4 - -3 - -2 - 48).
54
Calculate (-23 - -59) + -29 + -39 + 7 + -3.
-28
Calculate 71 + 133 + -81 - 3.
120
44 - 55 - (-39 + -13 + 15 + -9)
35
What is -28 - (-23 - -5) - (2 - 34 - 2)?
24
What is 4 - (-47 + (22 - -26 - -36))?
-33
What is the value of (-46 - 15 - 27) + 80?
-8
What is the value of 8 + -4 + -32 - (23 - -60 - 98)?
-13
-21 + (92 - (11 + -13 + -2)) - 7
68
(-63 - (-35 + 1)) + 20
-9
What is (2 - 5 - -1 - -10) + (-835 - -864)?
37
1 - (9 - (20 - -22) - 6)
40
(18 - (19 - -64)) + -17 + 0 + 7
-75
(-302 -